{"id":2,"date":"2024-03-15T15:25:31","date_gmt":"2024-03-15T14:25:31","guid":{"rendered":"http:\/\/pesmaintenance.fr\/?page_id=2"},"modified":"2024-03-15T17:13:29","modified_gmt":"2024-03-15T16:13:29","slug":"accueil","status":"publish","type":"page","link":"https:\/\/pesmaintenance.fr\/","title":{"rendered":"Accueil"},"content":{"rendered":"\t\t<div data-elementor-type=\"wp-page\" data-elementor-id=\"2\" class=\"elementor elementor-2\" data-elementor-post-type=\"page\">\n\t\t\t\t<div class=\"elementor-element elementor-element-5540acf e-flex e-con-boxed e-con e-parent\" data-id=\"5540acf\" data-element_type=\"container\" data-core-v316-plus=\"true\">\n\t\t\t\t\t<div class=\"e-con-inner\">\n\t\t\t\t<div class=\"elementor-element elementor-element-d57f556 elementor-invisible elementor-widget elementor-widget-image\" data-id=\"d57f556\" data-element_type=\"widget\" data-settings=\"{&quot;_animation_mobile&quot;:&quot;fadeInDown&quot;,&quot;_animation&quot;:&quot;fadeInDown&quot;}\" data-widget_type=\"image.default\">\n\t\t\t\t<div class=\"elementor-widget-container\">\n\t\t\t<style>\/*! elementor - v3.20.0 - 13-03-2024 *\/\n.elementor-widget-image{text-align:center}.elementor-widget-image a{display:inline-block}.elementor-widget-image a img[src$=\".svg\"]{width:48px}.elementor-widget-image img{vertical-align:middle;display:inline-block}<\/style>\t\t\t\t\t\t\t\t\t\t<img fetchpriority=\"high\" decoding=\"async\" width=\"1024\" height=\"960\" src=\"https:\/\/pesmaintenance.fr\/wp-content\/uploads\/2024\/03\/logo-1024x960.png\" class=\"attachment-large size-large wp-image-13\" alt=\"\" srcset=\"https:\/\/pesmaintenance.fr\/wp-content\/uploads\/2024\/03\/logo-1024x960.png 1024w, https:\/\/pesmaintenance.fr\/wp-content\/uploads\/2024\/03\/logo-300x281.png 300w, https:\/\/pesmaintenance.fr\/wp-content\/uploads\/2024\/03\/logo-768x720.png 768w, https:\/\/pesmaintenance.fr\/wp-content\/uploads\/2024\/03\/logo-1536x1440.png 1536w, https:\/\/pesmaintenance.fr\/wp-content\/uploads\/2024\/03\/logo.png 1800w\" sizes=\"(max-width: 1024px) 100vw, 1024px\" \/>\t\t\t\t\t\t\t\t\t\t\t\t\t<\/div>\n\t\t\t\t<\/div>\n\t\t\t\t\t<\/div>\n\t\t\t\t<\/div>\n\t\t<div class=\"elementor-element elementor-element-5f54263 e-flex e-con-boxed e-con e-parent\" data-id=\"5f54263\" data-element_type=\"container\" data-core-v316-plus=\"true\">\n\t\t\t\t\t<div class=\"e-con-inner\">\n\t\t\t\t<div class=\"elementor-element elementor-element-a1be7cb elementor-align-center elementor-widget elementor-widget-button\" data-id=\"a1be7cb\" data-element_type=\"widget\" data-widget_type=\"button.default\">\n\t\t\t\t<div class=\"elementor-widget-container\">\n\t\t\t\t\t<div class=\"elementor-button-wrapper\">\n\t\t\t<a class=\"elementor-button elementor-button-link elementor-size-sm\" href=\"mailto:pes.france@yahoo.com\">\n\t\t\t\t\t\t<span class=\"elementor-button-content-wrapper\">\n\t\t\t\t\t\t<span class=\"elementor-button-text\">DEMANDE D'INTERVENTION & DEVIS (E-MAIL)<\/span>\n\t\t<\/span>\n\t\t\t\t\t<\/a>\n\t\t<\/div>\n\t\t\t\t<\/div>\n\t\t\t\t<\/div>\n\t\t\t\t\t<\/div>\n\t\t\t\t<\/div>\n\t\t<div class=\"elementor-element elementor-element-c3e113b e-flex e-con-boxed e-con e-parent\" data-id=\"c3e113b\" data-element_type=\"container\" data-core-v316-plus=\"true\">\n\t\t\t\t\t<div class=\"e-con-inner\">\n\t\t\t\t<div class=\"elementor-element elementor-element-7aad553 elementor-align-center elementor-widget elementor-widget-button\" data-id=\"7aad553\" data-element_type=\"widget\" data-widget_type=\"button.default\">\n\t\t\t\t<div class=\"elementor-widget-container\">\n\t\t\t\t\t<div class=\"elementor-button-wrapper\">\n\t\t\t<a class=\"elementor-button elementor-button-link elementor-size-sm\" href=\"https:\/\/wa.me\/33670188706\">\n\t\t\t\t\t\t<span class=\"elementor-button-content-wrapper\">\n\t\t\t\t\t\t<span class=\"elementor-button-text\">WHATSAPP<\/span>\n\t\t<\/span>\n\t\t\t\t\t<\/a>\n\t\t<\/div>\n\t\t\t\t<\/div>\n\t\t\t\t<\/div>\n\t\t\t\t\t<\/div>\n\t\t\t\t<\/div>\n\t\t<div class=\"elementor-element elementor-element-5746dba e-flex e-con-boxed e-con e-parent\" data-id=\"5746dba\" data-element_type=\"container\" data-core-v316-plus=\"true\">\n\t\t\t\t\t<div class=\"e-con-inner\">\n\t\t\t\t<div class=\"elementor-element elementor-element-dc37bf4 elementor-align-center elementor-widget elementor-widget-button\" data-id=\"dc37bf4\" data-element_type=\"widget\" data-widget_type=\"button.default\">\n\t\t\t\t<div class=\"elementor-widget-container\">\n\t\t\t\t\t<div class=\"elementor-button-wrapper\">\n\t\t\t<a class=\"elementor-button elementor-button-link elementor-size-sm\" href=\"tel:0670188706\">\n\t\t\t\t\t\t<span class=\"elementor-button-content-wrapper\">\n\t\t\t\t\t\t<span class=\"elementor-button-text\">URGENCE (APPEL)<\/span>\n\t\t<\/span>\n\t\t\t\t\t<\/a>\n\t\t<\/div>\n\t\t\t\t<\/div>\n\t\t\t\t<\/div>\n\t\t\t\t\t<\/div>\n\t\t\t\t<\/div>\n\t\t<div class=\"elementor-element elementor-element-5cb937c e-flex e-con-boxed e-con e-parent\" data-id=\"5cb937c\" data-element_type=\"container\" data-core-v316-plus=\"true\">\n\t\t\t\t\t<div class=\"e-con-inner\">\n\t\t\t\t<div class=\"elementor-element elementor-element-3d36fc6 elementor-align-center elementor-widget elementor-widget-button\" data-id=\"3d36fc6\" data-element_type=\"widget\" data-widget_type=\"button.default\">\n\t\t\t\t<div class=\"elementor-widget-container\">\n\t\t\t\t\t<div class=\"elementor-button-wrapper\">\n\t\t\t<a class=\"elementor-button elementor-button-link elementor-size-sm\" href=\"https:\/\/www.instagram.com\/p.e.s.maintenance\/\" target=\"_blank\">\n\t\t\t\t\t\t<span class=\"elementor-button-content-wrapper\">\n\t\t\t\t\t\t<span class=\"elementor-button-text\">INSTAGRAM<\/span>\n\t\t<\/span>\n\t\t\t\t\t<\/a>\n\t\t<\/div>\n\t\t\t\t<\/div>\n\t\t\t\t<\/div>\n\t\t\t\t\t<\/div>\n\t\t\t\t<\/div>\n\t\t<div class=\"elementor-element elementor-element-134baf0 e-flex e-con-boxed e-con e-parent\" data-id=\"134baf0\" data-element_type=\"container\" data-core-v316-plus=\"true\">\n\t\t\t\t\t<div class=\"e-con-inner\">\n\t\t\t\t<div class=\"elementor-element elementor-element-d9c3b2a elementor-align-center elementor-widget elementor-widget-button\" data-id=\"d9c3b2a\" data-element_type=\"widget\" data-widget_type=\"button.default\">\n\t\t\t\t<div class=\"elementor-widget-container\">\n\t\t\t\t\t<div class=\"elementor-button-wrapper\">\n\t\t\t<a class=\"elementor-button elementor-button-link elementor-size-sm\" href=\"https:\/\/pesmaintenance.fr\/index.php\/plaquette\/\" target=\"_blank\">\n\t\t\t\t\t\t<span class=\"elementor-button-content-wrapper\">\n\t\t\t\t\t\t<span class=\"elementor-button-text\">NOTRE SOCI\u00c9T\u00c9 & SERVICES<\/span>\n\t\t<\/span>\n\t\t\t\t\t<\/a>\n\t\t<\/div>\n\t\t\t\t<\/div>\n\t\t\t\t<\/div>\n\t\t\t\t\t<\/div>\n\t\t\t\t<\/div>\n\t\t<div class=\"elementor-element elementor-element-84e2cbc e-flex e-con-boxed e-con e-parent\" data-id=\"84e2cbc\" data-element_type=\"container\" data-core-v316-plus=\"true\">\n\t\t\t\t\t<div class=\"e-con-inner\">\n\t\t\t\t<div class=\"elementor-element elementor-element-4cb884e elementor-align-center elementor-widget elementor-widget-button\" data-id=\"4cb884e\" data-element_type=\"widget\" data-widget_type=\"button.default\">\n\t\t\t\t<div class=\"elementor-widget-container\">\n\t\t\t\t\t<div class=\"elementor-button-wrapper\">\n\t\t\t<a class=\"elementor-button elementor-button-link elementor-size-sm\" href=\"https:\/\/pesmaintenance.fr\/wp-content\/uploads\/2024\/03\/p-e-s-4918-iban-fr.pdf\">\n\t\t\t\t\t\t<span class=\"elementor-button-content-wrapper\">\n\t\t\t\t\t\t<span class=\"elementor-button-text\">R\u00c8GLEMENT (RIB)<\/span>\n\t\t<\/span>\n\t\t\t\t\t<\/a>\n\t\t<\/div>\n\t\t\t\t<\/div>\n\t\t\t\t<\/div>\n\t\t\t\t\t<\/div>\n\t\t\t\t<\/div>\n\t\t<div class=\"elementor-element elementor-element-3cb6175 e-flex e-con-boxed e-con e-parent\" data-id=\"3cb6175\" data-element_type=\"container\" data-core-v316-plus=\"true\">\n\t\t\t\t\t<div class=\"e-con-inner\">\n\t\t\t\t<div class=\"elementor-element elementor-element-48123b9 elementor-widget elementor-widget-heading\" data-id=\"48123b9\" data-element_type=\"widget\" data-settings=\"{&quot;_animation_mobile&quot;:&quot;fadeInUp&quot;}\" data-widget_type=\"heading.default\">\n\t\t\t\t<div class=\"elementor-widget-container\">\n\t\t\t<style>\/*! elementor - v3.20.0 - 13-03-2024 *\/\n.elementor-heading-title{padding:0;margin:0;line-height:1}.elementor-widget-heading .elementor-heading-title[class*=elementor-size-]>a{color:inherit;font-size:inherit;line-height:inherit}.elementor-widget-heading .elementor-heading-title.elementor-size-small{font-size:15px}.elementor-widget-heading .elementor-heading-title.elementor-size-medium{font-size:19px}.elementor-widget-heading .elementor-heading-title.elementor-size-large{font-size:29px}.elementor-widget-heading .elementor-heading-title.elementor-size-xl{font-size:39px}.elementor-widget-heading .elementor-heading-title.elementor-size-xxl{font-size:59px}<\/style><h2 class=\"elementor-heading-title elementor-size-default\"><a href=\"https:\/\/hddesign.fr\/social\">Site Social cr\u00e9\u00e9 par HD DESIGN<\/a><\/h2>\t\t<\/div>\n\t\t\t\t<\/div>\n\t\t\t\t\t<\/div>\n\t\t\t\t<\/div>\n\t\t\t\t<\/div>\n\t\t","protected":false},"excerpt":{"rendered":"<p>DEMANDE D&rsquo;INTERVENTION &#038; DEVIS (E-MAIL) WHATSAPP URGENCE (APPEL) INSTAGRAM NOTRE SOCI\u00c9T\u00c9 &#038; SERVICES R\u00c8GLEMENT (RIB) Site Social cr\u00e9\u00e9 par HD DESIGN<\/p>\n","protected":false},"author":1,"featured_media":0,"parent":0,"menu_order":0,"comment_status":"closed","ping_status":"closed","template":"elementor_canvas","meta":{"footnotes":""},"class_list":["post-2","page","type-page","status-publish","hentry"],"yoast_head":"<!-- This site is optimized with the Yoast SEO plugin v22.2 - https:\/\/yoast.com\/wordpress\/plugins\/seo\/ -->\n<title>PES MAINTENANCE<\/title>\n<meta name=\"description\" content=\"Sp\u00e9cialiste dans la maintenance immobili\u00e8re, solutions d\u00e8s 30\u20ac par mois, d\u00e9ductibles de vos revenus locatifs.\" \/>\n<meta name=\"robots\" content=\"index, follow, max-snippet:-1, max-image-preview:large, max-video-preview:-1\" \/>\n<link rel=\"canonical\" href=\"https:\/\/pesmaintenance.fr\/\" \/>\n<meta property=\"og:locale\" content=\"fr_FR\" \/>\n<meta property=\"og:type\" content=\"article\" \/>\n<meta property=\"og:title\" content=\"PES MAINTENANCE\" \/>\n<meta property=\"og:description\" content=\"Sp\u00e9cialiste dans la maintenance immobili\u00e8re, solutions d\u00e8s 30\u20ac par mois, d\u00e9ductibles de vos revenus locatifs.\" \/>\n<meta property=\"og:url\" content=\"https:\/\/pesmaintenance.fr\/\" \/>\n<meta property=\"og:site_name\" content=\"PES MAINTENANCE\" \/>\n<meta property=\"article:modified_time\" content=\"2024-03-15T16:13:29+00:00\" \/>\n<meta property=\"og:image\" content=\"https:\/\/pesmaintenance.fr\/wp-content\/uploads\/2024\/03\/logo-1024x960.png\" \/>\n<meta name=\"twitter:card\" content=\"summary_large_image\" \/>\n<meta name=\"twitter:label1\" content=\"Dur\u00e9e de lecture estim\u00e9e\" \/>\n\t<meta name=\"twitter:data1\" content=\"1 minute\" \/>\n<script type=\"application\/ld+json\" class=\"yoast-schema-graph\">{\"@context\":\"https:\/\/schema.org\",\"@graph\":[{\"@type\":\"WebPage\",\"@id\":\"https:\/\/pesmaintenance.fr\/\",\"url\":\"https:\/\/pesmaintenance.fr\/\",\"name\":\"PES MAINTENANCE\",\"isPartOf\":{\"@id\":\"https:\/\/pesmaintenance.fr\/#website\"},\"primaryImageOfPage\":{\"@id\":\"https:\/\/pesmaintenance.fr\/#primaryimage\"},\"image\":{\"@id\":\"https:\/\/pesmaintenance.fr\/#primaryimage\"},\"thumbnailUrl\":\"https:\/\/pesmaintenance.fr\/wp-content\/uploads\/2024\/03\/logo-1024x960.png\",\"datePublished\":\"2024-03-15T14:25:31+00:00\",\"dateModified\":\"2024-03-15T16:13:29+00:00\",\"description\":\"Sp\u00e9cialiste dans la maintenance immobili\u00e8re, solutions d\u00e8s 30\u20ac par mois, d\u00e9ductibles de vos revenus locatifs.\",\"breadcrumb\":{\"@id\":\"https:\/\/pesmaintenance.fr\/#breadcrumb\"},\"inLanguage\":\"fr-FR\",\"potentialAction\":[{\"@type\":\"ReadAction\",\"target\":[\"https:\/\/pesmaintenance.fr\/\"]}]},{\"@type\":\"ImageObject\",\"inLanguage\":\"fr-FR\",\"@id\":\"https:\/\/pesmaintenance.fr\/#primaryimage\",\"url\":\"https:\/\/pesmaintenance.fr\/wp-content\/uploads\/2024\/03\/logo.png\",\"contentUrl\":\"https:\/\/pesmaintenance.fr\/wp-content\/uploads\/2024\/03\/logo.png\",\"width\":1800,\"height\":1688},{\"@type\":\"BreadcrumbList\",\"@id\":\"https:\/\/pesmaintenance.fr\/#breadcrumb\",\"itemListElement\":[{\"@type\":\"ListItem\",\"position\":1,\"name\":\"Accueil\",\"item\":\"https:\/\/pesmaintenance.fr\/\"},{\"@type\":\"ListItem\",\"position\":2,\"name\":\"Accueil\"}]},{\"@type\":\"WebSite\",\"@id\":\"https:\/\/pesmaintenance.fr\/#website\",\"url\":\"https:\/\/pesmaintenance.fr\/\",\"name\":\"PES MAINTENANCE\",\"description\":\"Sp\u00e9cialiste dans la maintenance immobili\u00e8re, solutions d\u00e8s 30\u20ac par mois, d\u00e9ductibles de vos revenus locatifs\",\"potentialAction\":[{\"@type\":\"SearchAction\",\"target\":{\"@type\":\"EntryPoint\",\"urlTemplate\":\"https:\/\/pesmaintenance.fr\/?s={search_term_string}\"},\"query-input\":\"required name=search_term_string\"}],\"inLanguage\":\"fr-FR\"}]}<\/script>\n<!-- \/ Yoast SEO plugin. -->","yoast_head_json":{"title":"PES MAINTENANCE","description":"Sp\u00e9cialiste dans la maintenance immobili\u00e8re, solutions d\u00e8s 30\u20ac par mois, d\u00e9ductibles de vos revenus locatifs.","robots":{"index":"index","follow":"follow","max-snippet":"max-snippet:-1","max-image-preview":"max-image-preview:large","max-video-preview":"max-video-preview:-1"},"canonical":"https:\/\/pesmaintenance.fr\/","og_locale":"fr_FR","og_type":"article","og_title":"PES MAINTENANCE","og_description":"Sp\u00e9cialiste dans la maintenance immobili\u00e8re, solutions d\u00e8s 30\u20ac par mois, d\u00e9ductibles de vos revenus locatifs.","og_url":"https:\/\/pesmaintenance.fr\/","og_site_name":"PES MAINTENANCE","article_modified_time":"2024-03-15T16:13:29+00:00","og_image":[{"url":"https:\/\/pesmaintenance.fr\/wp-content\/uploads\/2024\/03\/logo-1024x960.png"}],"twitter_card":"summary_large_image","twitter_misc":{"Dur\u00e9e de lecture estim\u00e9e":"1 minute"},"schema":{"@context":"https:\/\/schema.org","@graph":[{"@type":"WebPage","@id":"https:\/\/pesmaintenance.fr\/","url":"https:\/\/pesmaintenance.fr\/","name":"PES MAINTENANCE","isPartOf":{"@id":"https:\/\/pesmaintenance.fr\/#website"},"primaryImageOfPage":{"@id":"https:\/\/pesmaintenance.fr\/#primaryimage"},"image":{"@id":"https:\/\/pesmaintenance.fr\/#primaryimage"},"thumbnailUrl":"https:\/\/pesmaintenance.fr\/wp-content\/uploads\/2024\/03\/logo-1024x960.png","datePublished":"2024-03-15T14:25:31+00:00","dateModified":"2024-03-15T16:13:29+00:00","description":"Sp\u00e9cialiste dans la maintenance immobili\u00e8re, solutions d\u00e8s 30\u20ac par mois, d\u00e9ductibles de vos revenus locatifs.","breadcrumb":{"@id":"https:\/\/pesmaintenance.fr\/#breadcrumb"},"inLanguage":"fr-FR","potentialAction":[{"@type":"ReadAction","target":["https:\/\/pesmaintenance.fr\/"]}]},{"@type":"ImageObject","inLanguage":"fr-FR","@id":"https:\/\/pesmaintenance.fr\/#primaryimage","url":"https:\/\/pesmaintenance.fr\/wp-content\/uploads\/2024\/03\/logo.png","contentUrl":"https:\/\/pesmaintenance.fr\/wp-content\/uploads\/2024\/03\/logo.png","width":1800,"height":1688},{"@type":"BreadcrumbList","@id":"https:\/\/pesmaintenance.fr\/#breadcrumb","itemListElement":[{"@type":"ListItem","position":1,"name":"Accueil","item":"https:\/\/pesmaintenance.fr\/"},{"@type":"ListItem","position":2,"name":"Accueil"}]},{"@type":"WebSite","@id":"https:\/\/pesmaintenance.fr\/#website","url":"https:\/\/pesmaintenance.fr\/","name":"PES MAINTENANCE","description":"Sp\u00e9cialiste dans la maintenance immobili\u00e8re, solutions d\u00e8s 30\u20ac par mois, d\u00e9ductibles de vos revenus locatifs","potentialAction":[{"@type":"SearchAction","target":{"@type":"EntryPoint","urlTemplate":"https:\/\/pesmaintenance.fr\/?s={search_term_string}"},"query-input":"required name=search_term_string"}],"inLanguage":"fr-FR"}]}},"_links":{"self":[{"href":"https:\/\/pesmaintenance.fr\/index.php\/wp-json\/wp\/v2\/pages\/2","targetHints":{"allow":["GET"]}}],"collection":[{"href":"https:\/\/pesmaintenance.fr\/index.php\/wp-json\/wp\/v2\/pages"}],"about":[{"href":"https:\/\/pesmaintenance.fr\/index.php\/wp-json\/wp\/v2\/types\/page"}],"author":[{"embeddable":true,"href":"https:\/\/pesmaintenance.fr\/index.php\/wp-json\/wp\/v2\/users\/1"}],"replies":[{"embeddable":true,"href":"https:\/\/pesmaintenance.fr\/index.php\/wp-json\/wp\/v2\/comments?post=2"}],"version-history":[{"count":40,"href":"https:\/\/pesmaintenance.fr\/index.php\/wp-json\/wp\/v2\/pages\/2\/revisions"}],"predecessor-version":[{"id":75,"href":"https:\/\/pesmaintenance.fr\/index.php\/wp-json\/wp\/v2\/pages\/2\/revisions\/75"}],"wp:attachment":[{"href":"https:\/\/pesmaintenance.fr\/index.php\/wp-json\/wp\/v2\/media?parent=2"}],"curies":[{"name":"wp","href":"https:\/\/api.w.org\/{rel}","templated":true}]}}